e 85904?
True
Is 28 a factor of 1589980?
True
Is 9 a factor of 13996?
False
Is 127 a factor of 690550?
False
Does 259 divide 1558403?
True
Does 6 divide 124790?
False
Is 595 a factor of 4284000?
True
Does 45 divide 115879?
False
Is 217408 a multiple of 8?
True
Does 21 divide 2453283?
True
Does 18 divide 380793?
False
Does 10 divide 98590?
True
Does 18 divide 359244?
True
Does 581 divide 1126559?
True
Is 576 a factor of 639936?
True
Does 9 divide 1754537?
False
Is 217 a factor of 1201746?
True
Does 188 divide 479766?
False
Does 192 divide 323904?
True
Is 242 a factor of 132374?
True
Is 397864 a multiple of 21?
False
Is 710 a factor of 255600?
True
Is 21504 a multiple of 27?
False
Does 7 divide 23721?
False
Is 497075 a multiple of 13?
False
Is 1314668 a multiple of 33?
False
Is 14 a factor of 138716?
False
Is 336 a factor of 572102?
False
Does 91 divide 292747?
True
Is 518 a factor of 275298?
False
Is 17 a factor of 527908?
False
Is 77709 a multiple of 184?
False
Is 14506 a multiple of 61?
False
Is 86653 even?
False
Is 35 a factor of 958233?
False
Is 4340239 a multiple of 8?
False
Is 129212 a multiple of 70?
False
Does 31 divide 5776261?
True
Is 47 a factor of 335909?
True
Is 75 a factor of 11899?
False
Is 6508224 a multiple of 153?
False
Does 9 divide 1996241?
False
Does 5 divide 1831713?
False
Is 31269 a multiple of 3?
True
Does 92 divide 104544?
False
Is 475 a factor of 321100?
True
Is 7378 a multiple of 488?
False
Is 74 a factor of 475027?
False
Does 178 divide 511447?
False
Does 20 divide 1330175?
False
Does 9 divide 79494?
False
Is 981350 a multiple of 10?
True
Is 705 a factor of 181185?
True
Is 38 a factor of 1101544?
True
Is 2934408 a multiple of 12?
True
Is 4 a factor of 138690?
False
Is 189 a factor of 191646?
True
Is 20601504 a multiple of 56?
True
Is 71 a factor of 1629732?
False
Does 5 divide 1020000?
True
Is 686586 a multiple of 6?
True
Does 56 divide 6076045?
False
Is 23 a factor of 421902?
False
Is 6752889 a multiple of 42?
False
Is 7244 a multiple of 17?
False
Does 9 divide 868892?
False
Is 6300 a multiple of 12?
True
Does 11 divide 57178?
True
Is 167085 a multiple of 141?
True
Does 65 divide 68916?
False
Is 6 a factor of 1848?
True
Does 268 divide 147400?
True
Is 10 a factor of 20180?
True
Does 3 divide 70971?
True
Does 6 divide 58339?
False
Does 36 divide 14997926?
False
Is 668874 a multiple of 82?
True
Is 10 a factor of 16510?
True
Is 100 a factor of 4478?
False
Is 15675 a multiple of 25?
True
Is 72 a factor of 1140799?
False
Does 9 divide 806625?
True
Is 914 a factor of 1910260?
True
Does 525 divide 24829456?
False
Does 323 divide 547727?
False
Does 10 divide 16000?
True
Does 71 divide 94125?
False
Is 35 a factor of 4528405?
True
Does 8 divide 66155?
False
Is 214 a factor of 145458?
False
Is 38 a factor of 220172?
True
Is 18 a factor of 105835?
False
Does 90 divide 6956550?
True
Is 801287 a multiple of 233?
True
Is 432 a factor of 147765?
False
Is 269307 a multiple of 69?
True
Is 144 a factor of 41184?
True
Does 548 divide 257841?
False
Does 306 divide 2965752?
True
Is 3626792 a multiple of 18?
False
Does 55 divide 172706?
False
Is 17930952 a multiple of 468?
True
Does 50 divide 254342?
False
Is 169047 a multiple of 27?
True
Is 53664 a multiple of 156?
True
Is 569453 a multiple of 16?
False
Does 8 divide 5414?
False
Is 56 a factor of 331695?
False
Is 69 a factor of 36225?
True
Does 279 divide 50693?
False
Is 1232261 a multiple of 59?
False
Does 2453 divide 5852858?
True
Is 3983928 a multiple of 104?
True
Is 43 a factor of 58093?
True
Is 7752 a multiple of 76?
True
Is 62 a factor of 400246?
False
Is 54210 a multiple of 27?
False
Does 217 divide 511224?
False
Does 41 divide 8518?
False
Is 235836 a multiple of 43?
False
Does 3 divide 613785?
True
Does 4 divide 536428?
True
Is 23698 a multiple of 41?
True
Is 23 a factor of 14697?
True
Does 21 divide 2208939?
False
Does 36 divide 409068?
True
Does 104 divide 566592?
True
Does 256 divide 368880?
False
Is 100449 a multiple of 9?
True
Is 46 a factor of 173199?
False
Is 232470 a multiple of 162?
True
Is 119 a factor of 673302?
True
Does 87 divide 186702?
True
Does 26 divide 336050?
True
Does 7 divide 44125?
False
Does 24 divide 1270919?
False
Does 20 divide 871765?
False
Is 670954 a multiple of 184?
False
Is 42 a factor of 1069727?
False
Does 25 divide 696642?
False
Does 4 divide 223800?
True
Does 108 divide 160830?
False
Is 13072 a multiple of 16?
True
Is 28 a factor of 8904?
True
Is 4176705 a multiple of 39?
True
Is 818 a factor of 10296391?
False
Does 491 divide 6630?
False
Is 7 a factor of 151205?
False
Does 4 divide 387981?
False
Does 104 divide 4979744?
False
Is 12 a factor of 160416?
True
Is 751635 a multiple of 9?
True
Does 449 divide 17340017?
False
Does 147 divide 1665505?
False
Does 22 divide 492976?
True
Is 117019 a multiple of 73?
True
Is 20673 a multiple of 11?
False
Is 54925 a multiple of 169?
True
Does 338 divide 2383238?
True
Is 23 a factor of 91094?
False
Is 33 a factor of 1580641?
False
Is 7 a factor of 692447?
True
Is 13 a factor of 66014?
True
Does 73 divide 27156?
True
Is 1471992 a multiple of 8?
True
Is 304 a factor of 2431534?
False
Is 120 a factor of 291406?
False
Is 355 a factor of 3175120?
True
Does 30 divide 49762?
False
Is 58 a factor of 2142578?
True
Is 693427 a multiple of 39?
False
Is 194215 a multiple of 155?
True
Is 6840450 a multiple of 50?
True
Is 124517 a multiple of 7?
False
Does 46 divide 9444720?
True
Is 1218 a factor of 101993?
False
Is 113891 a multiple of 47?
False
Is 109984 a multiple of 32?
True
Is 18888 a multiple of 44?
False
Is 1137561 a multiple of 486?
False
Is 21017715 a multiple of 431?
True
Does 74 divide 135655?
False
Does 10 divide 45992?
False
Is 120 a factor of 10880400?
True
Is 50 a factor of 1730450?
True
Is 216090 a multiple of 21?
True
Is 4 a factor of 825300?
True
Is 9 a factor of 419832?
True
Is 7933530 a multiple of 870?
True
Is 4 a factor of 163?
False
Is 557 a factor of 5515414?
True
Is 6 a factor of 261408?
True
Is 106295 a multiple of 35?
True
Does 14 divide 757029?
False
Is 562322 a multiple of 502?
False
Is 90017 a multiple of 11?
False
Does 33 divide 1895026?
False
Does 9 divide 589293?
True
Does 2 divide 75388?
True
Is 2564552 a multiple of 173?
True
Is 530295 a multiple of 170?
False
Is 176784 a multiple of 7?
False
Is 647730 a multiple of 272?
False
Is 4092697 a multiple of 23?
False
Is 23 a factor of 6288515?
False
Is 4 a factor of 51828?
True
Does 61 divide 29246450?
True
Is 10777968 a multiple of 36?
True
Is 1238676 a multiple of 109?
True
Is 641 a factor of 12601000?
False
Is 36856 a multiple of 88?
False
Is 142 a factor of 9669186?
False
Is 3931274 a multiple of 253?
False
Does 21 divide 34615791?
True
Does 550 divide 3986400?
True
Does 14 divide 194572?
True
Is 93676 a multiple of 46?
False
Does 5 divide 6321176?
False
Is 3658815 a multiple of 15?
True
Is 3 a factor of 2835662?
False
Does 16 divide 29440?
True
Does 121 divide 5582456?
True
Is 32 a factor of 3719680?
True
Is 2033563 a multiple of 7?
True
Is 4 a factor of 247688?
True
Does 78 divide 435616?
False
Does 17 divide 2153026?
False
Is 12 a factor of 29748?
True
Is 16209 a multiple of 41?
False
Is 41 a factor of 27060?
True
Does 20 divide 4490?
False
Is 182223 a multiple of 397?
True
Does 117 divide 13797?
False
Is 1089508 a multiple of 668?
True
Does 78 divide 2653014?
True
Does 11 divide 3794772?
False
Is 10 a factor of 1822587?
False
Is 60 a factor of 359192?
False
Is 83 a factor of 1924438?
True
Does 53 divide 1592915?
True
Is 316 a factor of 196915?
False
Does 327 divide 73575?
True
Is 16519764 a multiple of 12?
True
Is 11 a factor of 8816356?
False
Is 21 a factor of 19793865?
True
Does 21 divide 181012?
False
Is 5557019 a multiple of 759?
False
Is 124293 a multiple of 57?
False
Is 68760 a multiple of 4?
True
Is 34685 a multiple of 56?
False
Is 23 a factor of 1159110?
False
Is 4356943 a multiple of 11?
False
Is 868 a multiple of 31?
True
Does 5 divide 43855?
True
Is 12 a factor of 101004?
True
Does 13 divide 2147041?
True
Is 305721 a multiple of 507?
True
Does 84 divide 1438657?
False
Is 9 a factor of 225639?
True
Is 51788 a multiple of 38?
False
Does 12 divide 873900?
True
Does 19 divide 610774?
True
Is 7744046 a multiple of 54?
False
I